 2. Let b be j(-11). Let i be (b/((-6)/(-15)))/(-1). Let x(z) = z**3 + 6*z**2 + 4*z. Calculate x(i).
5
Let o(r) = r + 3. Let a(h) = 15*h + 50. Let s(m) = 2*a(m) - 35*o(m). Give s(6).
-35
Let s be ((-3)/6)/(3/(-18)). Let q(x) = s*x - 2*x - 4*x - 4. Let f(c) = c**3 - 4*c**2 - 7*c + 6. Let z be f(5). What is q(z)?
8
Let l(p) be the third derivative of -p**5/60 - p**4/4 - 5*p**3/6 + 3*p**2 - 4*p. Give l(-6).
-5
Let d(g) = -g**2 - 4*g - 2. Let j = 217 + -221. Give d(j).
-2
Let g = -294 + 297. Let d(x) = -x**2 + 3*x - 2. Calculate d(g).
-2
Let v(j) be the third derivative of j**6/120 + j**5/12 + 5*j**4/24 + 5*j**3/3 + 39*j**2. Calculate v(-4).
6
Suppose 7*s + 22 = -15*s. Let m(l) = 4*l**3 - l**2 - 2*l - 2. Determine m(s).
-5
Let c(a) be the third derivative of -a**5/60 + a**4/12 - a**3/3 - 2*a**2 + 53. Suppose h + r - 11 = -3*r, 3*h - 1 = 4*r. Calculate c(h).
-5
Let j be (-12)/4 + 3 + -1. Let c(v) = 2*v + v - 10 + 8 - 4*v. Determine c(j).
-1
Suppose -71*p - 21*p = 736. Let t(v) = -v**3 - 7*v**2 + 6*v - 14. Calculate t(p).
2
Let t(q) = -2 + 39*q**2 - 5*q + 0 - 44*q**2. Let i(z) = 6*z**2 + 5*z + 2. Let j(s) = 4*i(s) + 5*t(s). What is j(-3)?
4
Let l(g) = 2*g**2 - g**3 + 5 - 8 + 2. Suppose -15 = -6*u + u. Determine l(u).
-10
Let y(w) = -7*w + 3460 + 6*w - 3457. Calculate y(3).
0
Let a(x) = -2*x + 3. Let o(u) = 10*u + 201. Let v be o(-20). Determine a(v).
1
Let d(t) = -t**2 - 3*t + 7. Let p be d(3). Let u(s) = s**3 + 11*s**2 + s + 7. Give u(p).
-4
Let c(d) be the third derivative of 0*d**4 - 1/15*d**5 + 0 - 1/120*d**6 + 0*d - 6*d**2 + 0*d**3. Give c(-4).
0
Let p(z) = 5*z**2 + 1 - 4*z**3 + 2*z + 3*z**3 + 0*z - 4*z**2. Let d(g) = 10*g + 29. Let a be d(-3). What is p(a)?
1
Let m(x) = x**2 - 1. Let d(p) = 7*p**2 - 5*p - 4. Let z(r) = d(r) - 6*m(r). Let g be -3*(0 - (2 + -1)). Let s be z(g). Let h(l) = -3*l - 5. Determine h(s).
7
Suppose 6*y = y + 250. Suppose 0*f + 2*f - 4 = -2*r, -5*f + 5*r + y = 0. Let b(k) be the first derivative of -k**3/3 + 7*k**2/2 + 2*k + 3. Give b(f).
8
Let z(p) = -p**3 + 10 + 0*p**2 - 17 - 5*p**2 + 4*p. Let h = 1 + -7. Give z(h).
5
Let i be 17 - 1*(0/(-2) + 3). Suppose 15*b - i*b - 2 = 0. Let j(h) = 3*h**2 - h - 2. Determine j(b).
8
Let r(p) = -p**2 - 20*p - 25. Let z(d) = -d - 1. Let b(n) = -r(n) + 3*z(n). Give b(-15).
-8
Let l be 12*((-42)/18)/(-7). Let w(s) = s**3 - 3*s**2 - s + 3. Determine w(l).
15
Let v = 5 - 6. Let g = v - -6. Let w(i) be the third derivative of i**6/120 - i**5/12 + i**4/12 - 7*i**3/6 + 4*i**2. Calculate w(g).
3
Let g(u) = u**2 + 3*u - 6. Let z(n) = n - 6. Let w(b) = 1. Let l(d) = -6*w(d) - z(d). Let h(t) = -g(t) + 3*l(t). Determine h(-6).
6
Let a = -6 + 23. Suppose -a = -2*x - 13. Let f(j) = 7 + 2*j + 2 - 6 - 5*j**x + 3*j + j**3. What is f(4)?
7
Let r(b) = -14*b + 1. Let c be 4 + (-5)/(25/(-45)). Suppose 17 = -c*j - 4*j. Determine r(j).
15
Let f(m) be the third derivative of m**5/60 + 3*m**4/8 + 4*m**3/3 + 151*m**2. What is f(-9)?
8
Let x(b) = b - 1. Let s be (2 - -3)/(16/(-16)). Calculate x(s).
-6
Let p(o) be the second derivative of o**5/20 + 5*o**4/6 - 2*o**3 - 3*o**2 - 3*o - 22. What is p(-11)?
5
Let r(z) = -z**3 + 6*z**2 - 6*z. Suppose 0 = -9*x + 21 + 15. Determine r(x).
8
Let q(k) = 5*k - 2. Let i be 6/((-2)/30*2). Let m be 3/2 - i/10. Let a be (2/m)/(13/(-117)). Determine q(a).
-17
Let m(h) = -2*h + 3. Suppose 0 = p + 1, 0 = 4*v + 24*p - 22*p - 6. Give m(v).
-1
Let w(b) = -b**2 - 4*b. Let n(t) = 9*t - 4 - 24*t - t**3 + 17*t. Let l be n(0). What is w(l)?
0
Let c(q) = q**3 - 11*q**2 - q. Let v(s) = -2*s**2 - 1. Let r(k) = c(k) - 3*v(k). Determine r(5).
-2
Let d be -7 + 5 - (1 + -1). Let x be -3*(-3 - 4/d). Let k(a) = 3*a - a**x - a - 23 + 22 + 3*a**2. What is k(3)?
5
Let m be (-3 + 12)/((-3)/(-2)). Let p(d) be the second derivative of -d**5/20 + d**4/2 + d**3/6 + 2*d**2 - 16*d. Calculate p(m).
10
Let u(d) = -d**3 + 38*d + 1 + 38*d - 77*d. What is u(1)?
-1
Let u(z) = z**2 + 9*z + 6. Let w(n) = n**3 + 3*n**2 + 3*n + 1. Let k be w(-3). Give u(k).
-2
Let p(q) be the third derivative of -q**5/30 - 3*q**3/2 - 11*q**2. Let z(o) be the first derivative of p(o). What is z(2)?
-8
Let k(t) = 8 + 17 - 834*t + 842*t. What is k(-4)?
-7
Let f(d) = d**3 + 5*d**2 - 6*d + 3. Let p(z) = -z**2 - z - 6. Let c(a) = -3*a + 30. Let y be c(10). Let u be p(y). Give f(u).
3
Let w be (-2 + 1)*(-2 + -1 - 1). Let g(v) = -v + 4. What is g(w)?
0
Let j(d) = -d**3 + 5*d**2 - 5*d + 3. Let g be -1*(-1)/(3/12). Suppose -g*i + 0*i = -16. Suppose -i*a + 2*a = -8. Give j(a).
-1
Let j(c) = c**2 + 6*c - 5. Suppose 9*z = 25*z + 112. Determine j(z).
2
Suppose -38*l = -26*l - 96. Let t(r) = r**2 - 10*r + 17. Give t(l).
1
Let w(h) = -4*h**2 + 3*h**2 + 32 - 17 - 17 + 8*h. Calculate w(6).
10
Let t(x) = 31*x - 73. Let v(y) = 3*y + 3. Let s(j) = -t(j) + 2*v(j). Give s(3).
4
Let s(d) = -2*d + 15. Let u(n) = n - 7. Let j(o) = -3*s(o) - 7*u(o). Suppose i + 9 = -2*c + 28, -5*c + 2*i = -52. Give j(c).
-6
Suppose 0 = p + 4, -5 = -u + 2*p + 5. Let w(x) = -2*x + 0*x**2 - x**2 - u*x - 6. Let q = -61 - -56. Determine w(q).
-11
Suppose -l + 6 - 3 = 0. Suppose 3*z + 2*t = z + 18, 0 = 5*z - 4*t - 9. Let i(s) = -5*s + 7 - s**2 + s**3 - 7 - 2 + z. What is i(l)?
6
Suppose 5*c + 20 = 5*h, 8 = -2*c + h - 2. Let q(d) = -36*d**3 + 35*d**3 + 0*d + 2 + 5*d - 5*d**2. Give q(c).
8
Let g = 16 - 14. Suppose 0 = 2*m + g - 6. Let y(b) = -b**3 - 3 + b**m + 1 + 9 - b + 3. Calculate y(0).
10
Let p(i) = -6*i**2 + 258*i - 2. Let u be p(43). Let k(x) = x**3 + 5*x**2 + x. What is k(u)?
10
Let p(c) be the third derivative of -c**5/60 + c**4/3 + c**3/3 - 12*c**2. What is p(9)?
-7
Let g(y) = -5 + 2 + 4 - y. Suppose 2 = -4*u + 54. Suppose -5*s - u = 7. Give g(s).
5
Let w(s) = 0 + 5 - 9*s + 35*s - 28*s. Let u = 14 + -18. What is w(u)?
13
Let m(q) = q**2 + 10*q + 8. Let g be (-2 + (-10)/(-8))*(-324)/(-27). Give m(g).
-1
Suppose -13 = -g + 4*h, 3*g = -h - 0*h + 39. Let n(t) = 0 - 16*t - 5 + g*t. Determine n(-5).
10
Let y(k) = -5 + 2 + 57*k - 56*k. Let m(x) = x - 4. Let a(v) = 4*m(v) - 5*y(v). Calculate a(-6).
5
Let n(l) = -l - 9. Let h be 2/1 + (-1 - -5 - -74). Let j = 74 - h. What is n(j)?
-3
Let i(z) be the first derivative of 5*z**4/2 - z**3/3 - z**2 - z - 980. Let g(j) = -j + 1. Let x be g(2). What is i(x)?
-10
Let u(l) = -l**3 + l + 4. Let j be u(0). Let b(y) = 1 + j + y + 0 - 1. Suppose 4*g = -0*g + m - 11, -3*m = 2*g + 23. Calculate b(g).
0
Let z be 60/(-45)*(-1)/4. Let m(v) be the second derivative of 0 + 7*v + z*v**3 - 5/2*v**2. Determine m(-5).
-15
Let m(w) be the second derivative of 7*w**3/6 - w**2 + 4*w + 17. Determine m(1).
5
Let c be 30*(-3)/(-30)*-4. Let b be ((-4)/c*0)/(-4). Let t(l) = -l**2 + 13. Calculate t(b).
13
Let z(q) be the first derivative of 2*q**2 + 0*q - 7 + 1/3*q**3. Let t be z(-3). Let a(m) = -m + 1. What is a(t)?
4
Suppose -34*a = -36*a + 8. Let g(k) = -a - 2*k**2 + 0*k**2 - k**3 + 2*k**3. What is g(3)?
5
Let j(n) be the first derivative of -7*n + 7 - 7/6*n**3 + 1/20*n**5 + 0*n**2 + 5/12*n**4. Let f(d) be the first derivative of j(d). Determine f(-6).
6
Suppose j + j - 3*d = 2, 5*j - 18 = d. Suppose -j*o - 33 = -3*v, -2*o - 4*v - 13 = -o. Let z(i) = i + 3. Give z(o).
-6
Let w(u) be the second derivative of u**5/20 - 2*u**4/3 - 5*u**3/6 - 31*u**2/2 + 635*u. Calculate w(9).
5
Let t(k) = k**3 + 2*k**2 + 4*k + 3. Let q(g) = -2*g**2 + g + 4. Let x be q(-3). Let v = x - -15. Give t(v).
-5
Let m(f) = -f**2 + 1. Suppose -6*c - 16 + 40 = 0. Let w(k) = 3*k**2 + 4*k - 8. Let g(u) = c*m(u) + w(u). What is g(4)?
-4
Suppose -3*j + 61 + 110 = 0. Let y(d) = -j*d + 113*d - d**2 - 55*d + 7*d**3. Give y(1).
7
Let h(m) = -3*m - 17. Suppose 3 = -4*l + 11. Let d(a) = -8 - 3*a + l*a - a - 1. Let j(s) = -7*d(s) + 4*h(s). Calculate j(5).
5
Let n = 11 - 10. Let l(g) = -g**2 + 8*g. Let z(c) = c. Let b(s) = n*l(s) - 4*z(s). What is b(3)?
3
Let c = 1 + -3. Let v(w) = -w**3 + 6*w**2 - 4*w - 3. Let u be v(5). Let n(a) = u - 1 - 2 - 2*a. Give n(c).
3
Let u(h) = h + 2. Let s(z) = -z + 76 - 29 - 23 - 27. Suppose -3*f - 40 = 2*f. Let d be s(f). Determine u(d).
7
Suppose -3*u + 2*u - 4 = 0. Let z be (-4 - 4/u) + 5. Let f(s) = 5*s + 2. Determine f(z).
12
Suppose 5 = c - 0. Suppose 2*v + v = 5*z + 12, 20 = c*v + 5*z. Let f(x) = x**2 - 4*x + 4. Determine f(v).
4
Let y(b) = 5*b**2 + 3*b**3 - 4*b*